-3*h - u. What is the remainder when 65 is divided by h?
31
Suppose 2*r + 3*r = 15. Suppose -r*w + 153 = 150. Calculate the remainder when 9 is divided by w.
0
Suppose -2*m + 7*m - 20 = 0. Let w = m + -13. Let q = 17 + w. What is the remainder when 31 is divided by q?
7
Let y(z) = -13*z + 7*z - z**2 - 12*z + 22 + z. What is the remainder when y(-15) is divided by 14?
10
Suppose 3*y + 28 = -4*q, q - 2*y - 3*y + 7 = 0. Let b(a) = a + 17. Calculate the remainder when b(q) is divided by 4.
2
Suppose -5*b + 2*a = -3385, -4*b + 0*a - 2*a = -2708. What is the remainder when b is divided by 85?
82
Let l(n) = n**3 + n**2 - 5*n + 4. Suppose -2*r = -r - 2. Suppose -r*p + 55 = -q, 57 = 2*p - 3*q - 4. Calculate the remainder when p is divided by l(2).
2
Calculate the remainder when 217 is divided by 2898/90 - 1/5.
25
Suppose 27 + 3 = 5*d. Suppose 4*n = -5*b + 69, 49 = 5*b - 2*n - 14. Calculate the remainder when b is divided by d.
1
Let t(x) = x**2 + 6*x - 47. Let i be t(-9). Let d(h) = -3*h**2 - 62*h - 17. What is the remainder when 31 is divided by d(i)?
8
Suppose 2*o - 4*j + 246 = 5*o, 393 = 5*o + j. Calculate the remainder when o is divided by 22.
12
Let f(m) = -7*m - 40. Let w be f(-6). Suppose 5*o - 6*o + w*d + 40 = 0, -5*o = d - 156. Calculate the remainder when o is divided by 7.
4
Let y(u) = u**3 - 7*u**2 + 4*u + 9. Let l(c) = c**3 + c. Let z(r) = 2*l(r) - y(r). What is the remainder when z(-7) is divided by 3?
2
Suppose 15 = -2*f - 4*v - 3, 3*v = -3*f - 39. Let d = 29 + f. What is the remainder when 35 is divided by d?
11
Calculate the remainder when 185 is divided by 8/6*(-153)/(-34).
5
Calculate the remainder when 626 is divided by -4*(((-51)/12)/1 + -4).
32
Let r(x) = 2*x**2 + 7*x + 6. Suppose 2*o + 8 = -2*d, -4*o + 8*o = d + 19. Let s be r(d). Suppose -3*j = -8 - s. What is the remainder when 82 is divided by j?
19
Let t(z) = -z + 52. Calculate the remainder when 130 is divided by t(-16).
62
What is the remainder when (-1)/6*(4 + (-1532)/2) is divided by 33?
28
Let i be (-2)/(254/250 - 1). Let c = 62 - i. What is the remainder when c is divided by 47?
46
Suppose 0 = 3*i - 8*i + 60. Suppose x - 2*v = -x + i, 3*v + 3 = 0. Let a = -7524 - -7528. What is the remainder when x is divided by a?
1
Let v be 126/(-6) + 0/1. Let d = v - -26. Suppose d*k = -m + 6*m + 100, -k = 2*m - 23. Calculate the remainder when k is divided by 12.
9
What is the remainder when 86 is divided by (-5)/((-560)/32) + 710/14?
35
Let z be (-1)/(-5) - 432/(-15). Suppose 0 = 4*q - o - z, -4*q - 3*o - 5 = -14. Calculate the remainder when q is divided by -1 - (9*-1)/3.
0
Let g(y) = y - 3. Let p be g(10). What is the remainder when 4 is divided by 4/p*84/24?
0
Let g(v) be the second derivative of -7*v**3/3 + v**2 + 3*v. Let c(d) = d**3 - 3*d**2 + d - 5. What is the remainder when g(-4) is divided by c(4)?
13
Let t be (-5 - -4) + 2 - -3. Suppose q = -3*m - 2 - 1, -t*m - 2*q - 6 = 0. Suppose m = -5*w + 15 + 55. What is the remainder when 40 is divided by w?
12
Suppose 3 = y - 15*v + 11*v, 0 = 2*y + 5*v - 58. Calculate the remainder when 87 is divided by y.
11
Let g(v) = 21*v + 305. What is the remainder when g(-8) is divided by 43?
8
Suppose 6*n - n = 3*m + 215, 3*n - m = 125. Calculate the remainder when n is divided by 22.
18
Let p(j) = -j**3 + 11*j**2 + 25*j + 16. Calculate the remainder when 74 is divided by p(13).
2
Suppose 0 = f - 629 + 536. Calculate the remainder when 271 is divided by f.
85
Suppose 161*v - 166*v = -580. Calculate the remainder when v is divided by 37.
5
Suppose 0 = 5*d + 5*k - 325, -38*d + 250 = -34*d + 2*k. What is the remainder when 299 is divided by d?
59
Suppose 8*u - 280 = -0*u. Let p = 57 - u. Let h = -4 + 9. Calculate the remainder when p is divided by h.
2
Suppose j - 42 = -3*o - 2*o, 5*o + 10 = 0. Suppose 10*x + 2 = 11*x. Suppose -x*n + 72 = 2*n. Calculate the remainder when j is divided by n.
16
Let y = 129 + 19. What is the remainder when y is divided by 80?
68
Suppose -3*d = d - 56. Suppose -5*r + d = m - 12, 3*r + 10 = m. Let z(g) = 2*g**2 + 3*g + 3. Calculate the remainder when z(3) is divided by m.
14
Suppose -3*z - 140 = -56. What is the remainder when 51 is divided by 2 + -4 + z/(-1)?
25
Calculate the remainder when 270 is divided by 2223/195*(4 + 3/3).
42
Let d(w) = -2*w**2 - 37*w - 1. What is the remainder when 2051 is divided by d(-16)?
76
Let i(j) = j**2 - 332*j - 1634. Calculate the remainder when i(-5) is divided by 0 - (-1)/((-2)/(-28)).
9
Let q = 693 - 611. What is the remainder when q is divided by 67?
15
Let a be 568/(-4)*(-3)/2. Let v = a + -126. What is the remainder when v is divided by 18?
15
Let c(p) = p**3 + 10*p**2 + 11*p + 4. Let w(x) = -x. Let k be w(8). What is the remainder when c(k) is divided by 9?
8
Let c = 2888 + -2493. Calculate the remainder when c is divided by 54.
17
Let c(y) = -2*y**3 - y**2 + 2*y. Let n be c(-3). Suppose -2*g - 5*z - 32 = -g, -3*g = -4*z + 39. Let m = n - g. Calculate the remainder when m is divided by 15.
11
Let r(k) be the second derivative of -k**3/6 + 7*k**2/2 - 4*k. Let g(x) = x**2 + 13*x - 21. Calculate the remainder when r(-9) is divided by g(-15).
7
Suppose 0 = 2*t + 5*t - 28. Suppose -k + 60 = t*k. Calculate the remainder when 21 is divided by k.
9
Suppose -2*z + 28 = 4*n - 0*n, -n + 19 = z. Let h(x) = 0*x**2 + 2 + x + 3 + 0 + x**2. Calculate the remainder when h(-7) is divided by z.
23
Let d = -84 + 101. Suppose 0 = -4*f - 6 + 30. Calculate the remainder when d is divided by (-16)/f*9/(-6).
1
Let b(p) = -p**3 + 2*p - 42. Let k be b(0). Let l be 0 - (-61)/(-2)*-2. Let t = l + k. What is the remainder when 35 is divided by t?
16
Let t = 473 - 402. What is the remainder when 134 is divided by t?
63
Let i(l) = l**2 + l - 1. Let p be (-3 - -8)*(-9)/(-15). What is the remainder when i(3) is divided by ((-3)/(-2) + p)/((-6)/(-8))?
5
Let z(n) = -4*n - 38. Calculate the remainder when 179 is divided by z(-17).
29
Suppose 564*b - 144 = 556*b. Let i = 34 + -23. Calculate the remainder when b is divided by i.
7
Suppose 5*q - 132 = -37. Let m be -2*(-4)/(-16)*0. Calculate the remainder when q is divided by 3/((1 - m)*9/15).
4
Suppose 0 = -4*g + d + 4*d + 429, 12 = 4*d. Calculate the remainder when g is divided by 56.
55
Let j be 141*3/18*2. Suppose -j = -5*s + 4*s. Suppose -2*n + 9 = u - 1, 5*n - 7 = -u. Calculate the remainder when s is divided by u.
11
Suppose 0 = -6*n + 14*n - 272. Calculate the remainder when n is divided by 13.
8
Let h(x) = 2*x**3 + 66*x**2 - 2*x - 11. What is the remainder when h(-33) is divided by 35?
20
Let c = 486 + -291. Suppose 51 - c = -9*w. Let d(k) = -2*k + 1. Calculate the remainder when w is divided by d(-2).
1
Let o = -191 - -209. Calculate the remainder when o is divided by 4.
2
Let v be ((-7)/2 + 0)*(21 + 1). Let j = v + 93. What is the remainder when 127 is divided by j?
15
Calculate the remainder when 251 is divided by -7 + -5*511/(-35).
53
Let w(s) = 2*s**3 + 1. Let q be (-4)/10 + 68/20. Suppose p = -q*p + 12. What is the remainder when p is divided by w(1)?
0
Suppose 721 + 1115 = 18*p. What is the remainder when 170 is divided by p?
68
Let k(t) = 25*t + 4 + 5 - 7. Calculate the remainder when (1 + -2)/(-2)*104 is divided by k(1).
25
Let f = 93 + 47. Suppose 5*u - f = -0*u - 5*d, u = 3*d + 40. What is the remainder when 61 is divided by u?
30
Suppose 39 = 3*m + 18. Let n = 15 - m. What is the remainder when 20 is divided by n?
4
Let s = 2 + -1. Let l = 5 - 1. Let p(c) = -c**3 + 3*c**2 + 4*c + 2. Calculate the remainder when p(l) is divided by s.
0
Let k be (-6)/4*(-6 + 0). Let b = k - 9. Suppose 7*s - 2*s - 63 = -3*u, -5*s = b. Calculate the remainder when 60 is divided by u.
18
Let p(w) = -7*w + 3. Let f be p(6). Suppose 3*v - 3*m = 9, -2*v = 2*v + 3*m - 19. What is the remainder when 21 is divided by v/(-26) + (-318)/f?
5
Let w be -1 - (3 - 2)*-3. Let r be -2*(-11)/(-6) + (-6)/18. Calculate the remainder when 19 is divided by w/(((-8)/7)/r).
5
Suppose 3*p = 7*p - 20. Suppose 0*f + 290 = -p*f. Let s = 145 + f. Calculate the remainder when s is divided by 22.
21
Let f(i) = -8*i**3 + 13*i + 33. Calculate the remainder when f(-4) is divided by 62.
59
Let l(h) = 323*h**3 - h**2 + 3*h - 4. Calculate the remainder when l(1) is divided by 46.
45
Let m = -73